r of l and 19?
19
Suppose -4*q + 256 = -52. What is the greatest common divisor of q and 14?
7
Let d be -6*2/(-3)*2. Suppose -3*x - d = 1. Let v be 1/x + 488/6. What is the greatest common divisor of v and 9?
9
Suppose 5*g = 4*p + 65 + 13, -39 = -2*g - p. What is the greatest common divisor of g and 72?
18
Let l be (-2)/3 + (-248)/(-12). Let v = l + -12. Suppose k - 7 = -3*y - 0*k, 5*y = 5*k + 5. Calculate the highest common divisor of y and v.
2
Suppose 5*v - x = 4*x + 10, 2*v - 4 = 5*x. Let i(a) = a - 2. Suppose -17 = -5*g + 8. Let t be i(g). Calculate the highest common factor of v and t.
1
Let t = -50 + 90. Suppose -5*s + 5 = -4*s. What is the highest common factor of t and s?
5
Let u = 32 - 21. Let x(r) = 88*r. Let s be x(1). What is the highest common divisor of s and u?
11
Suppose -4*d + 0*d = -348. Suppose 3*y - d = -36. Calculate the highest common divisor of y and 17.
17
Let v(m) = -4 + 16 + m**2 - 7*m - 8. Let s be v(7). What is the highest common factor of s and 12?
4
Let h(v) = -18*v**3 + v**2 - 2*v + 1. Let k be h(-2). Let c be (34/(-3))/((-14)/21). Calculate the highest common factor of c and k.
17
Let i = -9 - -12. Suppose i*m - w + 160 = m, -5*m - 2*w - 418 = 0. Let y be m/(-4) - (-7)/14. What is the highest common factor of 14 and y?
7
Suppose 0*h = h - 2. Let j = h + 2. Suppose 5*y + d + 3*d - 5 = 0, y - 25 = j*d. What is the greatest common divisor of 10 and y?
5
Suppose 16 = 2*h - h + 3*a, 28 = 2*h + 2*a. Calculate the highest common factor of 104 and h.
13
Let q be (-54)/((12/(-9))/(4/6)). Calculate the greatest common divisor of 54 and q.
27
Let m = -5 + -34. Let o = m + 94. What is the highest common factor of 11 and o?
11
Suppose -37 = -4*q - l - 6, 2*q + 2*l - 8 = 0. Calculate the greatest common factor of q and 9.
9
Let q be 1 - 0/(3 - 1). Let v(m) = 23*m**3 + m**2 + m - 1. Let t be v(q). What is the highest common factor of 12 and t?
12
Let t(m) = -m**2. Let o(i) = -2*i**2 - 4*i. Let w(s) = -o(s) + t(s). Let d be w(-5). What is the highest common divisor of 20 and d?
5
Let q be (6/4)/((-1)/(-50)). Let p(j) = 2*j**2 + 11*j + 9. Let f be p(-7). What is the greatest common factor of f and q?
15
Let u(p) = -p**3 - 3*p**2 + 3*p - 3. Let i(z) = -z - 4. Let n be i(0). Let x be u(n). Suppose -d - 3 + 14 = 0. What is the highest common divisor of d and x?
1
Suppose 10 = -0*i + i. Let m be 2*(-3 + 3 + 5). What is the highest common divisor of m and i?
10
Suppose -2 + 25 = w - g, 2*g = -5*w + 122. What is the greatest common factor of 24 and w?
24
Let m = -29 + 78. Calculate the greatest common factor of 7 and m.
7
Let t = 146 + -81. Calculate the greatest common factor of 13 and t.
13
Let g be 3/((-3)/(-4))*1. Calculate the highest common divisor of 8 and g.
4
Let n = -2 - -5. Let h be 137 + -3 + (n - 1). What is the greatest common divisor of h and 17?
17
Let m = -13 - -31. Let z = 90 - m. What is the greatest common divisor of 8 and z?
8
Let k(s) = s**2 + 4*s - 2. Let p be k(-5). Suppose 152 = p*g + c + 21, -4*c = 2*g - 94. Let l = g - 11. What is the greatest common factor of l and 8?
8
Suppose -5 - 1 = -3*x. Suppose x = -d + 7. What is the greatest common factor of d and 45?
5
Let v be ((-2)/1)/(31/(-93)). Calculate the highest common divisor of 66 and v.
6
Let s be (4/(-8))/((-1)/24). What is the greatest common divisor of s and 96?
12
Suppose 5*i - 3*p - 137 - 37 = 0, -5*p + 154 = 4*i. What is the greatest common divisor of i and 12?
12
Let u(f) = 163*f**3 - 2*f**2 - f + 1. Let z be u(1). Calculate the greatest common factor of 23 and z.
23
Let j be 3 - 1/(20/(-8) + 3). Calculate the greatest common divisor of j and 11.
1
Suppose -18 = -k - 10. What is the greatest common factor of k and 16?
8
Let v(k) = -5*k**3 - 2*k**2 - k - 1. Let b be v(-2). What is the greatest common divisor of 132 and b?
33
Let i(k) = k + 4. Let j be i(-3). Let d be ((-3)/3 - -61)*j. What is the greatest common factor of d and 24?
12
Let p(w) = w**3 - 10*w**2 - 8*w + 15. Let a be p(11). What is the greatest common divisor of a and 16?
16
Let a(k) = -8*k. Let z be a(-1). Suppose t - 4 = -4*u, 8*u = 3*u - 5*t - 10. Calculate the greatest common factor of z and u.
2
Let v(f) = -2*f**2 - 6*f + 6. Suppose -3*d = 21 - 6. Let s be v(d). Let r be (-2)/(-7) - 122/s. What is the greatest common divisor of r and 9?
9
Let x(q) = -93*q - 2. Let y(k) = k**3 - 7*k**2 - 2. Let g be y(7). Let n be x(g). Calculate the greatest common divisor of n and 23.
23
Let j = 2 - -1. Suppose j*t + 1 - 10 = 0. Suppose 166 = t*m - 14. What is the greatest common divisor of 12 and m?
12
Suppose w = 2*k - 98, 3*k - 2*w - 148 = -0*k. What is the greatest common divisor of k and 8?
8
Let h(g) = g**3 - 3*g**2 + 2*g + 2. Let o be h(3). Let u = 8 + o. Suppose y + y = u. Calculate the highest common divisor of y and 64.
8
Suppose 23 + 37 = 5*y. What is the highest common divisor of 132 and y?
12
Let d = 2 - -5. What is the highest common factor of 7 and d?
7
Let l(h) = -h**2 - 6*h - 3. Let a be l(-2). Suppose a*r + 553 = 1488. Calculate the greatest common divisor of r and 17.
17
Suppose 0*z = -4*z + 220. What is the highest common divisor of z and 22?
11
Suppose -9 = -4*k - o, -5*o - 6 = -5*k - 1. Let v(d) = -5*d + 5 - 4 + 1 - d**k. Let a be v(-4). What is the highest common factor of 24 and a?
6
Let a = -3 - -8. Let i(v) = -v + 6. Let c be i(a). Suppose 0 = -2*r + 5 - c. What is the highest common divisor of 5 and r?
1
Let t = -4 + 14. What is the highest common divisor of 10 and t?
10
Suppose 2*s = -i + s + 54, -5*i = 4*s - 271. Suppose 0 = -3*k + k - 5*w - 5, -5*k = 4*w - 13. Calculate the greatest common divisor of i and k.
5
Suppose 0*h - 4*h = -3*r + 19, -2*h = -10. What is the highest common divisor of r and 247?
13
Let v = 39 - 27. What is the highest common divisor of v and 12?
12
Suppose 0 = 3*c + 4*c - 252. Calculate the greatest common factor of c and 324.
36
Suppose -3*c - 4 = -5*t, 5*c + 13 = 3*t - 15. Let a = c + 18. Calculate the highest common factor of 30 and a.
10
Let p = 9 + -7. Let a = p + -14. Let j = a + 29. Calculate the highest common divisor of 51 and j.
17
Let h = 1 + 9. Suppose 0 = 4*o + 16, 0*s + h = 2*s + 3*o. What is the greatest common factor of 99 and s?
11
Suppose 0*p - 18 = -p. Suppose -2*b + b = 2*t - 74, b - 70 = 2*t. What is the highest common factor of p and b?
18
Let q = 90 + -66. Calculate the highest common divisor of 42 and q.
6
Let k be (3*10)/(24/192). What is the highest common divisor of 10 and k?
10
Suppose -3*g + 7*g - 12 = 0. Suppose -g - 2 = -h. Calculate the greatest common divisor of h and 5.
5
Suppose -3*u - 6 = -4*z - 34, -3*z = u - 18. Let o(h) = h**2 + 18*h + 20. Let i be o(-17). Calculate the highest common divisor of u and i.
3
Let d(m) = 9*m + 2. Let o be d(2). What is the highest common factor of 180 and o?
20
Let s = 12 - 12. Let n(m) = 0*m**2 + 2 - m + m**2 + 0. Let y be n(s). What is the highest common divisor of 5 and y?
1
Suppose 50 + 2 = j. Calculate the highest common divisor of 130 and j.
26
Suppose -7*p = -18*p + 55. Calculate the highest common factor of 40 and p.
5
Suppose -19 = 5*b - 79. What is the highest common factor of b and 60?
12
Suppose 2*a = 35 - 11. Suppose 2*b - 5*b + a = 0. Suppose 0 = -3*t + 5*u + 107, b*t - 6*u - 146 = -u. What is the greatest common divisor of t and 13?
13
Let p be 21/1*(-97)/(-3). Let d be (1074/8)/((-15)/(-20)). Suppose 4*t = 3*i + d - p, -3*i - 2*t = -506. Calculate the highest common factor of 21 and i.
21
Suppose 3*q - 68 = -5*t + 82, -5*t - 4*q + 150 = 0. Let g = -4 - -7. What is the highest common factor of t and g?
3
Suppose -5*x + 4*w = -27, 0 = 3*x - w - 4*w - 24. Suppose -u = d - 26, -2*u + 3*d + 14 + 28 = 0. What is the greatest common divisor of u and x?
3
Suppose 5*h = 11*h - 102. What is the greatest common divisor of h and 85?
17
Let j = 12 - 2. Suppose 5*s + 40 = j*s. Suppose -5*x + 0 = -v - 1, -v = -4*x - 4. Calculate the greatest common divisor of s and v.
8
Let u(r) = 3*r**2 - 26*r. Let s be u(10). Calculate the highest common factor of s and 100.
20
Suppose 4*n - 4 = -0*n. Calculate the highest common divisor of n and 9.
1
Let c(g) = -2*g**3 + 4*g**2 + 6*g + 2. Let i be c(-2). Calculate the greatest common factor of i and 11.
11
Suppose -6*v + 0*v + 12 = 